{"id":109,"date":"2026-02-25T22:00:23","date_gmt":"2026-02-25T22:00:23","guid":{"rendered":"https:\/\/215.edukovac.xyz\/?page_id=109"},"modified":"2026-02-25T22:00:47","modified_gmt":"2026-02-25T22:00:47","slug":"nacin-porucivanja","status":"publish","type":"page","link":"https:\/\/215.edukovac.xyz\/index.php\/nacin-porucivanja\/","title":{"rendered":"Na\u010din poru\u010divanja"},"content":{"rendered":"\n<p>-Odaberete proizvod<br>-\u010cekirate \u017eeljenu koli\u010dinu<br>-Kliknete DODAJ U KORPU<br>-Dodajete proizvode koliko \u017eelite.<br>-Kupovinu zavr\u0161avate klikom na NASTAVI NA PORU\u010cIVANJE<br>-Popunite potrebne podatke,obavezno popunite polje u kome za Beograd pi\u0161ete op\u0161inu na kojoj je adresa ili ukoliko nije adresa u<br>Beogradu u to polje obavezno napi\u0161ite NEMA.<br>-U napomenu\/bele\u0161ku pi\u0161ete ukoliko imate ne\u0161to da nam skrenete posebnu pa\u017enju.<br>Kupovinu zavr\u0161avate klikom na NARU\u010cITE<br>Nepotpuni podaci:<br>Ukoliko prilikom poru\u010divanja ne budu napisani svi potrebni podaci za slanje prodavac zadr\u017eava pravo da stornira porud\u017ebinu .<\/p>\n","protected":false},"excerpt":{"rendered":"<p>-Odaberete proizvod-\u010cekirate \u017eeljenu koli\u010dinu-Kliknete DODAJ U KORPU-Dodajete proizvode koliko \u017eelite.-Kupovinu zavr\u0161avate klikom na NASTAVI NA PORU\u010cIVANJE-Popunite potrebne podatke,obavezno popunite polje u kome za Beograd pi\u0161ete op\u0161inu na kojoj je adresa ili ukoliko nije adresa uBeogradu u to polje obavezno napi\u0161ite NEMA.-U napomenu\/bele\u0161ku pi\u0161ete ukoliko imate ne\u0161to da nam skrenete posebnu pa\u017enju.Kupovinu zavr\u0161avate klikom na NARU\u010cITENepotpuni [&hellip;]<\/p>\n","protected":false},"author":1,"featured_media":0,"parent":0,"menu_order":0,"comment_status":"closed","ping_status":"closed","template":"","meta":{"_et_pb_use_builder":"off","_et_pb_old_content":"","_et_gb_content_width":"","footnotes":""},"class_list":["post-109","page","type-page","status-publish","hentry"],"_links":{"self":[{"href":"https:\/\/215.edukovac.xyz\/index.php\/wp-json\/wp\/v2\/pages\/109","targetHints":{"allow":["GET"]}}],"collection":[{"href":"https:\/\/215.edukovac.xyz\/index.php\/wp-json\/wp\/v2\/pages"}],"about":[{"href":"https:\/\/215.edukovac.xyz\/index.php\/wp-json\/wp\/v2\/types\/page"}],"author":[{"embeddable":true,"href":"https:\/\/215.edukovac.xyz\/index.php\/wp-json\/wp\/v2\/users\/1"}],"replies":[{"embeddable":true,"href":"https:\/\/215.edukovac.xyz\/index.php\/wp-json\/wp\/v2\/comments?post=109"}],"version-history":[{"count":2,"href":"https:\/\/215.edukovac.xyz\/index.php\/wp-json\/wp\/v2\/pages\/109\/revisions"}],"predecessor-version":[{"id":112,"href":"https:\/\/215.edukovac.xyz\/index.php\/wp-json\/wp\/v2\/pages\/109\/revisions\/112"}],"wp:attachment":[{"href":"https:\/\/215.edukovac.xyz\/index.php\/wp-json\/wp\/v2\/media?parent=109"}],"curies":[{"name":"wp","href":"https:\/\/api.w.org\/{rel}","templated":true}]}}