{"id":113,"date":"2026-02-25T22:01:29","date_gmt":"2026-02-25T22:01:29","guid":{"rendered":"https:\/\/215.edukovac.xyz\/?page_id=113"},"modified":"2026-02-25T22:02:08","modified_gmt":"2026-02-25T22:02:08","slug":"nacin-placanja","status":"publish","type":"page","link":"https:\/\/215.edukovac.xyz\/index.php\/nacin-placanja\/","title":{"rendered":"Na\u010din pla\u0107anja"},"content":{"rendered":"\n<p>Pla\u0107anja u na\u0161oj internet prodavnici mo\u017eete obaviti na tri na\u010dina:<br>-pouze\u0107em u gotovini,<br>-karticom kad kurir donese paket ukoliko brza po\u0161ta ima tu mogu\u0107nost<br>-ili uplatom na ra\u010dun radnje 160-6000001704983-07<br>Sve cene proizvoda koje su navedene na sajtu su sa ura\u010dunatim PDV-om.<br>Sajt www.prodajaigracaka.rs ima pravo da otka\u017ee narud\u017ebenicu (uz slanje email obave\u0161tenja) ukoliko je slu\u010dajno do\u0161lo do gre\u0161ke<br>prilikom postavljanja cene proizvoda na sajt, npr. umesto 1000 dinara je navedena cena od 100 din, i sli\u010dno.<br>Trudimo se da sve informaije, a time i cene proveravamo i a\u017euriramo, ali molimo korisnike da imaju razumevanja i strpljenja ukoliko<br>do\u0111e do nekih gre\u0161aka.<br>Proizvodi na akciskom sni\u017eenju dostupni isklju\u010divo za slanje brzom po\u0161tom(pla\u0107ate kupljeni proizvod + po\u0161tarina)<br>Za sve porud\u017ebine \u010dija je vrednost ni\u017ea od 1500 dinara uplata je pre slanja na ra\u010dun,pla\u0107anje kuriru nije ponu\u0111ena opcija.<\/p>\n","protected":false},"excerpt":{"rendered":"<p>Pla\u0107anja u na\u0161oj internet prodavnici mo\u017eete obaviti na tri na\u010dina:-pouze\u0107em u gotovini,-karticom kad kurir donese paket ukoliko brza po\u0161ta ima tu mogu\u0107nost-ili uplatom na ra\u010dun radnje 160-6000001704983-07Sve cene proizvoda koje su navedene na sajtu su sa ura\u010dunatim PDV-om.Sajt www.prodajaigracaka.rs ima pravo da otka\u017ee narud\u017ebenicu (uz slanje email obave\u0161tenja) ukoliko je slu\u010dajno do\u0161lo do gre\u0161keprilikom postavljanja [&hellip;]<\/p>\n","protected":false},"author":1,"featured_media":0,"parent":0,"menu_order":0,"comment_status":"closed","ping_status":"closed","template":"","meta":{"_et_pb_use_builder":"off","_et_pb_old_content":"","_et_gb_content_width":"","footnotes":""},"class_list":["post-113","page","type-page","status-publish","hentry"],"_links":{"self":[{"href":"https:\/\/215.edukovac.xyz\/index.php\/wp-json\/wp\/v2\/pages\/113","targetHints":{"allow":["GET"]}}],"collection":[{"href":"https:\/\/215.edukovac.xyz\/index.php\/wp-json\/wp\/v2\/pages"}],"about":[{"href":"https:\/\/215.edukovac.xyz\/index.php\/wp-json\/wp\/v2\/types\/page"}],"author":[{"embeddable":true,"href":"https:\/\/215.edukovac.xyz\/index.php\/wp-json\/wp\/v2\/users\/1"}],"replies":[{"embeddable":true,"href":"https:\/\/215.edukovac.xyz\/index.php\/wp-json\/wp\/v2\/comments?post=113"}],"version-history":[{"count":2,"href":"https:\/\/215.edukovac.xyz\/index.php\/wp-json\/wp\/v2\/pages\/113\/revisions"}],"predecessor-version":[{"id":116,"href":"https:\/\/215.edukovac.xyz\/index.php\/wp-json\/wp\/v2\/pages\/113\/revisions\/116"}],"wp:attachment":[{"href":"https:\/\/215.edukovac.xyz\/index.php\/wp-json\/wp\/v2\/media?parent=113"}],"curies":[{"name":"wp","href":"https:\/\/api.w.org\/{rel}","templated":true}]}}